6 + 0 = 4*y. List the prime factors of y.
2
Suppose -q - 43 = 3*x - 472, 0 = -4*x + 3*q + 559. What are the prime factors of x/12 - 2/(-12)?
2, 3
Suppose 0*x = -x - 5*p - 8, 2*x + 3*p + 2 = 0. Suppose 3*u = 3*b - 21, -u + 5*u = -2*b + 2. What are the prime factors of u/4*(-56)/x?
2, 7
Let u(i) = -5*i**3 + 5*i**2 + i - 1. Let k(s) = s**3 - s**2. Let p(o) = -4*k(o) - u(o). Let a be 0 + (-2 - -4) - 0. List the prime factors of p(a).
3
Suppose -n - i - 1 = 2*n, -5*n - 5 = i. Let t(g) = -2*g**3 - 4*g**2 - g + 2. List the prime factors of t(n).
2
Let d(a) = a**2 + 8*a + 7. Let z be d(-7). Suppose 2*v + 0*v - 54 = z. What are the prime factors of v?
3
Let d(q) = 2*q**3 - 3*q**2 + q - 1. Let k be d(2). Suppose -k*z = -o - 2*o, -18 = -z - 3*o. Suppose z*y - 40 = -y. What are the prime factors of y?
2, 5
Suppose 2*m - 9 = -m. Suppose m*r - 2*z - 148 = 0, -r + 5*z + 84 = 13. Let p = -33 + r. What are the prime factors of p?
13
Let r(z) = 2*z**3 + 3*z**2 + 2*z. Let g be r(-2). Let a = 10 + g. Suppose d = -4*v - 2, -2*v = a + 4. List the prime factors of d.
2, 5
Suppose -30 = -2*f - 0*f. Let p = -5 + f. List the prime factors of p.
2, 5
Let r(h) = 3 - 4*h**2 - 2 - 3*h + 4 + h**3 - 2*h. Let q = -6 + 11. What are the prime factors of r(q)?
5
Let a = 148 + -87. What are the prime factors of a?
61
Suppose -4*p - 4*k + 304 = 0, 3*p - k = 2*k + 240. List the prime factors of p.
2, 3, 13
Let k = 0 + 13. Suppose -k + 2 = -c. List the prime factors of c.
11
Let d be ((-11)/4)/(5/(-20)). What are the prime factors of d + (2 - (0 + -1))?
2, 7
Suppose 4*w = 3*t + 15, 2 - 12 = -4*w - 2*t. Suppose -p = w*p - 24. What are the prime factors of p?
2, 3
Let a = 21 - 5. Suppose 0 = -3*y + 1 + 5. Suppose 0*i + a = y*i. What are the prime factors of i?
2
Suppose -48 = p - 3*p. Suppose -3*z + p = -27. What are the prime factors of z?
17
List the prime factors of (2/(-3))/((-6)/2997).
3, 37
Let n = 18 - -31. List the prime factors of n.
7
Suppose 3*r = r + 6. Suppose 0*w - r*w + 9 = 0. List the prime factors of w.
3
Let j(t) = -t**3 + t**2 + t + 1. Let g be j(-1). Let z = g - -9. List the prime factors of z.
11
List the prime factors of (12/(-10))/(26/(-455)).
3, 7
Let o = 297 - 171. List the prime factors of o.
2, 3, 7
Suppose g = 5 - 0, 21 = -m + 5*g. Suppose -16 = -m*h + 2*h. What are the prime factors of (h/6)/((-2)/(-3))?
2
Suppose 3*c - 89 = -5. Suppose -p - 3*p + c = 0. What are the prime factors of p?
7
Let f = -82 + 312. What are the prime factors of f?
2, 5, 23
Let x(f) = 33*f + 8. List the prime factors of x(4).
2, 5, 7
Let z = -5 + 10. Suppose z = -4*y - y. Let o(p) = -13*p - 1. What are the prime factors of o(y)?
2, 3
Suppose 60 = 2*y - 106. List the prime factors of y.
83
Suppose i - 77 = -4*l - 0*i, 4*l - 4*i = 92. What are the prime factors of l?
2, 5
Suppose 2*h = 1 - 9. Let s = h - -16. List the prime factors of s.
2, 3
Let f(y) = -17*y**2 + 4*y + 3. Let j(o) = 8*o**2 - 2*o - 1. Let t(m) = 4*f(m) + 9*j(m). List the prime factors of t(2).
3, 5
Let f be 2/(18/8 + -2). Let h(r) = 2*r - 12. Let u be h(f). Suppose 3*a = -0*t - u*t + 39, 15 = 2*t - 3*a. What are the prime factors of t?
3
Suppose 15*v + 146 - 3896 = 0. What are the prime factors of v?
2, 5
List the prime factors of 1*117*(-4)/(-12).
3, 13
Suppose 80 = -3*k - 28. Let h = -24 - k. Suppose -3*d = -d - h. List the prime factors of d.
2, 3
Suppose -3*h + o + 2*o = 0, -5*h - o = -24. What are the prime factors of 1*6 - (h + -3)?
5
Let d(f) = 3*f**2 + 4*f - 8. What are the prime factors of d(-6)?
2, 19
Suppose 3*k - 846 = 3*n, -5*n + 492 = 3*k - 378. List the prime factors of k.
3, 5, 19
Let n(m) = -2*m. Let f be n(-7). Suppose -2 = -2*o, 0*u + 3*o = -u - f. Let s = 33 + u. List the prime factors of s.
2
Let z(f) = f**3 - 4*f**2 - 2*f - 6. Let s be -1 + 1 - (0 - -1). Let r = 4 - s. List the prime factors of z(r).
3
Suppose 2*y - 4 = 0, 2*m - 7*y = -2*y + 274. List the prime factors of m.
2, 71
What are the prime factors of (-8)/5*(2 - 42)?
2
Suppose 0 = 2*z + 4 - 10, 4*p + 4*z = 24. Suppose -22 = -2*q - p*y, -4*q = -0*y + 5*y - 40. Suppose -j + q + 0 = 0. List the prime factors of j.
5
Let l = 363 - 172. What are the prime factors of l?
191
What are the prime factors of (6 - (-186)/(-30)) + 772/10?
7, 11
Suppose 0 = g - 2*w + 9, -5*w - 29 = 5*g + 1. Let f = -4 + 19. Let b = g + f. What are the prime factors of b?
2
Let o = 21 + -7. Let d = 18 - o. List the prime factors of d.
2
Let x(b) be the first derivative of b**4/4 + 7*b**3/3 - b**2/2 - 5*b + 3. List the prime factors of x(-7).
2
Let m(o) = o**3 + 11*o**2 + 10*o + 5. Let t be m(-10). Let w be t/(-4)*60/(-5). Suppose -2*b + w = l - 8, 2*l + 2 = 0. What are the prime factors of b?
2, 3
Let t = 0 + 0. What are the prime factors of 3/(-5)*(t + -15)?
3
Let g(p) = -p + 1. Let i be -2 + -2 - (-4 - -3). Let w be g(i). Let r = 7 - w. List the prime factors of r.
3
Suppose 7*q = 2*q, q = -x + 27. Suppose -3*r + x = -33. Let m = r - 6. What are the prime factors of m?
2, 7
Let l = 33 + 8. What are the prime factors of l?
41
Suppose -w + 10 = w. Suppose 9 = -4*p + 5*p + 2*q, 5*p = w*q + 15. List the prime factors of p.
5
Let w = 19 + -6. List the prime factors of w/2 + (-2)/4.
2, 3
Suppose -5*f + 165 = -0*u + 3*u, 165 = 5*f - 5*u. List the prime factors of f.
3, 11
Let q(d) = -2*d - 2*d + 6 + 3*d. Let f(x) = x**3 + 3*x**2 - 6*x - 5. Let s be f(-4). What are the prime factors of q(s)?
3
Let h be (-26)/(-7) - 4/(-14). Let w = 5 + h. Let a = w - 2. What are the prime factors of a?
7
Let v(a) = -8*a**3 + a**2 - a - 1. Suppose 0 = -3*w - 3*l - 3, l = -5*w + 4*l + 11. Suppose -3*h - w = -2*h. What are the prime factors of v(h)?
3
Suppose -3*w + 4*w = 3. Suppose -w*h + h + 28 = 4*d, 0 = -4*d. What are the prime factors of h?
2, 7
Let u = -50 + 89. List the prime factors of u.
3, 13
Let a(c) = -2*c + 1. Let x be a(2). What are the prime factors of 180/8 - x/6?
23
Let l(x) = -x**2 - 9*x + 2. Let z be l(-9). Suppose -36 = -3*a - 3*s, -z*a + 4*a = s + 18. List the prime factors of a.
2, 5
Let y(t) = 2*t**2 + 8*t - 8. Suppose 3*m = 9, 4*m - m - 16 = o. Let n be y(o). Suppose -4*g + n = i, 7*i - 2*i + 5*g - 110 = 0. List the prime factors of i.
2, 3
Suppose c - 108 = -3*c. Suppose 4*f - c = 5*d + 17, 2*d + 2 = -f. What are the prime factors of f?
2, 3
Let a(v) = v**2 + 5. Let j be a(0). Suppose 0*t = j*t - 55. What are the prime factors of t?
11
Let y(w) = -w**3 + 7*w**2 + 2*w. Let c be y(7). Suppose -200 = c*r - 19*r. List the prime factors of r.
2, 5
Suppose -5 = -2*q - 3. List the prime factors of 3/q + -2 + 10.
11
Suppose 0*d = 2*d - 6. Let g be 3/d + 1 + -4. Let i = g - -13. List the prime factors of i.
11
Suppose 9 = -3*z - 3*f, 10*z - 3*f = 5*z + 9. Suppose z*i + i = 4. List the prime factors of i/18 + (-237)/(-27).
3
Let p(a) = a**2 + 7*a + 4. Let v be p(-7). Suppose 2 = -3*o + v*o. List the prime factors of o.
2
Let o(m) be the first derivative of -2 - 5*m + 2*m**3 - m**2 + 1/4*m**4. List the prime factors of o(-6).
7
Suppose 2*m + 4*r = -3*m - 17, 9 = -3*r. Let w = -1 - m. Suppose w = 5*s - 4*z - 13, -2*s + 3*z + 2*z = 5. List the prime factors of s.
5
Suppose 3*y - 44 = 58. List the prime factors of y.
2, 17
Suppose 0 = -3*q - q. Suppose 0 = 4*w - q*w - 36. List the prime factors of w.
3
Let z = 7 - 3. List the prime factors of z - (0 + (-28 - 1)).
3, 11
Suppose d - 5*d + 3*g + 10 = 0, d = 4*g - 4. Suppose -5*l = 4*o + 14 - 2, l - d*o + 12 = 0. Let n(k) = -3*k - 4. List the prime factors of n(l).
2
Let j(d) = d**2 + 2*d + 2. Suppose 3 - 15 = 4*g. Let q be j(g). What are the prime factors of (-62)/(-8) + q/20?
2
Let l(k) = -k**3 - 10*k**2 + 9*k + 8. What are the prime factors of l(-11)?
2, 3, 5
Let f(b) = -2*b**3 - 15*b**2 - 12*b - 3. What are the prime factors of f(-8)?
157
Let u be -4*(2 - 5/2). Suppose -u*h + g - 1 = 0, 2*h + 2*g + 0 = 14. What are the prime factors of h?
2
Let k(c) = c - 1. Let d be k(-4). Let p = 8 + 0. Let v = p + d. List the prime factors of v.
3
List the prime factors of (-372)/(-8) + 1 + (-12)/8.
2, 23
Let i be 1 + 5 - 2/2. Suppose -5*g + 5*l + 110 = 0, 0 = -i*g - 3*l + 6*l + 102. List the prime factors of g.
2, 3
Suppose 0 = 3*n + 2*n - 20. Suppose -4*h + 8 = 0, -4 = -3*d + 2*d - n*h. Let c = d + 8. What are the prime factors of c?
2
Su